
Let v(t) = 486*t**3 + 976*t**2 - 3*t - 13. What is v(-2)?
9
Let l(x) = x**3 + 102*x**2 - 14174*x + 22655. Calculate l(-181).
30
Let q(j) = 1610*j + 1307290. What is q(-812)?
-30
Let i(w) = 250*w - 8080. What is i(34)?
420
Let m(w) = 4*w**3 + 220*w**2 + 224*w + 425. Determine m(-54).
-7
Let a(v) = -5903*v - 41284. Give a(-7).
37
Let q(c) = -8*c - 1367. Give q(-144).
-215
Let d(s) = -3*s**3 + 177*s**2 - 1958*s - 318. What is d(15)?
12
Let g(d) = 108812*d - 1088180. What is g(10)?
-60
Let f(g) = 187*g**2 - 354*g - 1605. Give f(4).
-29
Let m(s) = 191083*s + 1337876. Determine m(-7).
295
Let m(c) = -4*c**3 + 38*c**2 + 42*c - 176. What is m(9)?
364
Let i(w) = 10*w**2 + 35*w - 31. What is i(-12)?
989
Let y(u) = u**2 - 139*u - 2870. Give y(-17).
-218
Let g(o) = 851*o + 14472. Determine g(-18).
-846
Let n(z) = -8*z**2 - 325*z + 1248. Give n(-46).
-730
Let q(y) = 25*y**3 - 2*y**2 - 5*y + 16. Determine q(-4).
-1596
Let b(p) = p**2 - 11*p - 5443. Calculate b(77).
-361
Let p(s) = -8*s**2 - 4891*s - 11563. Determine p(-609).
8
Let c(l) = 12579*l - 62918. What is c(5)?
-23
Let g(p) = -p**3 - 9*p**2 + 55*p + 321. Calculate g(-14).
531
Let g(v) = 968*v - 98699. Determine g(102).
37
Let j(c) = 3*c**3 - 146*c**2 - 1040*c - 355. What is j(55)?
-80
Let z(w) = 6*w**3 - 34*w**2 - 48*w - 109. Give z(-4).
-845
Let k(i) = -3204*i**2 - 243505*i - 65. What is k(-76)?
11
Let z(b) = -81*b**2 + 493*b + 100. Give z(5).
540
Let x(s) = -s**2 - 78*s + 41. What is x(-63)?
986
Let n(c) = c**3 + 77*c**2 - 362*c - 9667. Give n(-80).
93
Let o(g) = -g**2 - 1033*g - 61873. Determine o(-64).
143
Let t(c) = -1776*c - 283541. What is t(-159)?
-1157
Let u(p) = p**3 - 19*p**2 - 285*p + 4656. Calculate u(16).
-672
Let z(m) = 28*m**2 - 7808*m - 24811. Calculate z(282).
5
Let b(w) = 26*w**3 - 177*w**2 - 157*w + 894. What is b(7)?
40
Let a(n) = -n**2 - 204*n - 7801. Give a(-51).
2
Let p(w) = 746*w**3 + 5967*w**2 - 6*w + 43. Give p(-8).
27
Let m(t) = 3915*t + 11555. What is m(-3)?
-190
Let p(c) = -136*c**3 + 18*c**2 + 27*c + 13. Determine p(-3).
3766
Let y(z) = -z**2 - 549*z - 9545. Determine y(-18).
13
Let v(g) = 72*g**2 - 478*g - 5422. Calculate v(-6).
38
Let i(m) = 71*m - 386. Calculate i(3).
-173
Let l(k) = -39281*k + 40408. Determine l(1).
1127
Let v(j) = -1175*j**2 - 2746*j - 2746. Determine v(-1).
-1175
Let x(h) = 1293569*h - 9054995. Give x(7).
-12
Let n(i) = -11263*i + 67699. Determine n(6).
121
Let f(u) = -94*u + 2568. What is f(23)?
406
Let n(m) = 6219*m - 342020. Calculate n(55).
25
Let s(b) = -9*b**2 + 584*b + 13532. Calculate s(83).
3
Let d(k) = 2*k**3 + 40*k**2 - 120*k + 42. Give d(-18).
3498
Let h(k) = -8*k**2 - 8534*k - 65641. Give h(-1059).
17
Let f(n) = 6*n**3 - 198*n**2 + 234*n - 558. Determine f(32).
786
Let c(n) = 72*n**2 - 140*n - 562. Calculate c(-4).
1150
Let t(u) = 2*u**3 - 41*u**2 - 145*u + 736. Calculate t(23).
46
Let j(t) = 28*t**2 + 1444*t + 3493. Determine j(-49).
-35
Let w(g) = 7247*g - 73528. What is w(10)?
-1058
Let w(k) = 1017*k + 6766. Determine w(-6).
664
Let o(x) = -2*x**3 + 71*x**2 + 988*x - 32443. What is o(37)?
6
Let o(i) = -25240*i + 3584078. Give o(142).
-2
Let k(d) = -35*d**2 - 4445*d - 22215. What is k(-5)?
-865
Let t(x) = -5*x**2 + 1257*x - 20518. Calculate t(234).
-160
Let t(i) = 2*i**3 + 182*i**2 + 178*i - 201. Calculate t(-90).
-21
Let h(a) = a**3 - 413*a**2 + 42459*a - 420. Determine h(220).
-640
Let l(c) = 18*c**2 + 1287*c - 1974. Give l(-73).
-3
Let r(b) = 295484*b - 1773002. Determine r(6).
-98
Let m(f) = -52*f**2 - 75*f + 2411. What is m(6)?
89
Let l(f) = -f**2 - 93*f - 2013. Determine l(-59).
-7
Let u(t) = 6722*t - 941071. Determine u(140).
9
Let i(g) = -2*g**3 - 49*g**2 - 188*g + 87. Calculate i(-20).
247
Let y(c) = -c**2 - 909*c + 114880. Calculate y(113).
-606
Let z(y) = 660*y - 36921. What is z(56)?
39
Let n(b) = -b**3 + 136*b**2 - 4513*b - 60. Give n(73).
6218
Let l(j) = -749*j - 49291. What is l(-66)?
143
Let d(p) = -269*p**2 + 488*p - 968. Determine d(2).
-1068
Let o(r) = -r**3 + 7*r**2 - 9665*r + 67659. Determine o(7).
4
Let k(i) = -19387*i + 503881. Determine k(26).
-181
Let o(z) = z**3 - 865*z**2 + 14413*z + 2537. Give o(848).
-7
Let x(o) = 569*o + 7698. What is x(-14)?
-268
Let x(g) = -107*g**2 - 366*g + 728. What is x(2)?
-432
Let g(b) = -41*b**2 - 47*b - 196. What is g(-5)?
-986
Let n(w) = 1203258*w - 7219528. Calculate n(6).
20
Let w(r) = 374*r**2 - 4917*r + 746. Calculate w(13).
31
Let z(i) = -7*i**2 - 772*i + 7135. Determine z(10).
-1285
Let d(f) = -643544*f + 3861293. What is d(6)?
29
Let n(d) = 26639*d - 266389. Calculate n(10).
1
Let f(x) = 10*x**3 + 8828*x**2 - 1746*x + 17697. Give f(-883).
37
Let y(c) = 2*c**3 - 4*c**2 - 39*c - 86. Calculate y(-5).
-241
Let f(l) = -33820*l - 1285163. What is f(-38)?
-3
Let n(p) = p**2 + 281*p + 8775. Calculate n(-36).
-45
Let c(l) = 1748*l + 66408. Determine c(-38).
-16
Let i(f) = -3*f**3 + 658*f**2 + 2*f - 48399. Give i(219).
0
Let b(w) = -w**3 + 114*w**2 - 2042*w + 422. Calculate b(22).
26
Let a(h) = -3*h**2 + 78*h - 211. Calculate a(27).
-292
Let k(y) = 17446*y + 2180741. What is k(-125)?
-9
Let g(p) = 174*p**2 - 7814*p - 722. Determine g(45).
-2
Let o(g) = 36750*g + 7. Determine o(0).
7
Let p(b) = 7476*b - 37359. Determine p(5).
21
Let k(s) = -153*s - 6647. Calculate k(-51).
1156
Let z(w) = -5*w**3 + 534*w**2 - 3023*w + 15. What is z(6)?
21
Let x(j) = j**2 - 264*j - 68418. What is x(-161)?
7
Let x(b) = -6398*b - 6826667. Calculate x(-1067).
-1
Let u(v) = 15409*v - 14961. Give u(1).
448
Let b(s) = -40*s**3 + 4*s**2 - 80*s + 144. Calculate b(2).
-320
Let p(w) = w**3 + 32*w**2 - 922*w + 9. Calculate p(0).
9
Let j(z) = z**3 - 48*z**2 - 437*z + 85. What is j(56)?
701
Let l(r) = -9*r**2 - 1633*r - 6536. What is l(-4)?
-148
Let o(n) = -105*n**2 + 62*n + 192. What is o(-3)?
-939
Let o(d) = d**3 + 125*d**2 - 1068*d - 517. What is o(-133)?
15
Let h(r) = 5*r**3 - 10*r**2 - 173*r - 28. Calculate h(7).
-14
Let x(k) = 150*k + 44654. What is x(-274)?
3554
Let r(z) = -z**3 - 323*z**2 - 3099*z + 313. What is r(-10)?
3
Let v(j) = -20*j**3 - 1002*j**2 - 91*j + 321. Calculate v(-50).
-129
Let b(a) = -115*a**2 + 108*a - 12. Calculate b(1).
-19
Let o(i) = 653*i - 33437. Give o(51).
-134
Let z(c) = 590*c - 41787. Give z(72).
693
Let r(c) = c**3 + 478*c**2 - 1468*c - 11979. Determine r(-481).
46
Let f(o) = 2*o**3 - o**2 + 489*o - 2495. Give f(5).
175
Let k(y) = -13*y**2 - 86*y + 415. Determine k(-10).
-25
Let r(o) = o**2 - 63*o - 6658. What is r(-58)?
360
Let t(b) = -b**2 - 1308*b + 35168. Give t(26).
484
Let u(h) = -48*h**3 - 2*h**2 - 125*h + 398. Give u(3).
-1291
Let p(g) = -23*g**2 + 15713*g + 28780. Give p(685).
10
Let i(q) = q**2 - 1204*q + 132061. Determine i(122).
57
Let p(f) = 246*f**2 - 5598*f + 9068. Give p(21).
-4
Let w(p) = 5*p**3 + 176*p**2 - 1490*p + 75. Calculate w(8).
1979
Let q(m) = -4337*m**2 - 78075*m - 160. Give q(-18).
2
Let h(i) = 3*i**2 + 227*i - 1223. Determine h(-81).
73
Let c(u) = 13*u**3 - 25*u**2 - 71*u - 33. Give c(-1).
0
Let x(n) = 2576*n - 3767. Calculate x(2).
1385
Let b(m) = -m**3 - 7*m**2 + 1838*m + 19587. Determine b(-11).
-147
Let s(u) = 2*u**3 + 119*u**2 - 32*u - 24. Give s(-60).
-1704
Let l(r) = r**3 + 240*r**2 - 12497*r - 1162. Give l(-284).
-878
Let i(n) = -n**2 - 4433*n - 53037. Give i(-12).
15
Let x(h) = 689*h**2 + 75781*h - 937. Calculate x(-110).
53
Let h(o) = -o**3 - 220*o**2 + 1761*o - 14364. Give h(-228).
0
Let v(d) = 2*d**2 - 211*d - 1324. Calculate v(112).
132
Let n(u) = 9787*u - 303464. Determine n(31).
-67
Let t(x) = -5*x**2 + 643*x + 1647. What is t(0)?
1647
Let w(o) = 1793*o - 17166. Determine w(10).
764
Let k(s) = -s**3 + 136*s**2 - 1253*s + 95813. Calculate k(132).
113
Let g(m) = 7*m**3 - 3697*m**2 - 6889*m - 535. Calculate g(530).
-5
Let s(j) = -8097*j - 16018. What is s(-2)?
176
Let p(v) = -792*v**2 + 20*v - 21. Determine p(1).
-793
Let v(a) = 14*a**2 + 8508*a - 17003. Give v(2).
69
Let z(h) = -2453*h - 306629. Determine z(-125).
-4
Let u(r) = -29220*r + 584434. Calculate u(20).
34
Let s(o) = -101*o + 8498. Determine s(88).
-390
Let f(l) = -2*l**2 + 1149*l - 130464. Give f(156).
108
Let m(u) = 910933*u + 70141847. Give m(-77).
6
Let y(g) = 239*g**2 - 7404*g - 110. Determine y(31).
45
Let s(d) = -3*d**3 + 10*d**2 + 233*d + 62. Calculate s(-7).
-